{"id":64461,"date":"2023-03-24T11:14:33","date_gmt":"2023-03-24T09:14:33","guid":{"rendered":"https:\/\/funbridge.com\/blog\/?page_id=64461"},"modified":"2023-04-06T15:44:23","modified_gmt":"2023-04-06T13:44:23","slug":"bridgerama-plus-4","status":"publish","type":"page","link":"https:\/\/funbridge.com\/blog\/fr\/bridgerama-plus-4\/","title":{"rendered":"Quiz Funbridge Bridgerama+ Avril 2023"},"content":{"rendered":"<div class=\"wp-block-image\">\n<figure class=\"aligncenter size-full is-resized\"><a href=\"https:\/\/funbridge.onelink.me\/eHER\/faa64dee\" target=\"_blank\" rel=\"noreferrer noopener\"><img loading=\"lazy\" decoding=\"async\" src=\"https:\/\/funbridge.com\/blog\/wp-content\/uploads\/funbridge-le-quiz.png\" alt=\"\" class=\"wp-image-56394\" width=\"365\" height=\"106\" srcset=\"https:\/\/funbridge.com\/blog\/wp-content\/uploads\/funbridge-le-quiz.png 487w, https:\/\/funbridge.com\/blog\/wp-content\/uploads\/funbridge-le-quiz-300x87.png 300w\" sizes=\"auto, (max-width: 365px) 100vw, 365px\" \/><\/a><\/figure><\/div>\n\n\n<div style=\"height:20px\" aria-hidden=\"true\" class=\"wp-block-spacer\"><\/div>\n\n\n\n<h2 class=\"has-text-align-center wp-block-heading\"><strong>La r\u00e9ponse \u00e0 la question bridge du mois d&#8217;avril est&#8230;<\/strong><\/h2>\n\n\n<div class=\"wp-block-image\">\n<figure class=\"aligncenter size-full is-resized\"><img loading=\"lazy\" decoding=\"async\" src=\"https:\/\/funbridge.com\/blog\/wp-content\/uploads\/non-forcing-fr.jpg\" alt=\"\" class=\"wp-image-65221\" width=\"275\" height=\"210\" srcset=\"https:\/\/funbridge.com\/blog\/wp-content\/uploads\/non-forcing-fr.jpg 550w, https:\/\/funbridge.com\/blog\/wp-content\/uploads\/non-forcing-fr-300x229.jpg 300w\" sizes=\"auto, (max-width: 275px) 100vw, 275px\" \/><\/figure><\/div>\n\n\n<p class=\"has-text-align-center\"><strong>La bonne r\u00e9ponse est : non forcing.<\/strong><\/p>\n\n\n\n<p class=\"has-text-align-center\">Nord n&#8217;a aucune raison d&#8217;inventer un contre d&#8217;appel dans cette s\u00e9quence, son partenaire n\u2019ayant pas essay\u00e9 de surench\u00e9rir sur 2&#x2665;&#xfe0f;.<\/p>\n\n\n\n<p class=\"has-text-align-center\">Le contre est punitif et non forcing.<\/p>\n\n\n\n<div style=\"height:20px\" aria-hidden=\"true\" class=\"wp-block-spacer\"><\/div>\n\n\n\n<div class=\"wp-block-columns are-vertically-aligned-center is-layout-flex wp-container-core-columns-is-layout-1 wp-block-columns-is-layout-flex\">\n<div class=\"wp-block-column is-vertically-aligned-center is-layout-flow wp-block-column-is-layout-flow\" style=\"flex-basis:33.33%\"><div class=\"wp-block-image\">\n<figure class=\"aligncenter size-full is-resized\"><a href=\"https:\/\/funbridge.onelink.me\/eHER\/faa64dee\" target=\"_blank\" rel=\"noreferrer noopener\"><img loading=\"lazy\" decoding=\"async\" src=\"https:\/\/funbridge.com\/blog\/wp-content\/uploads\/tablet-fr.jpg\" alt=\"\" class=\"wp-image-56398\" width=\"224\" height=\"224\" srcset=\"https:\/\/funbridge.com\/blog\/wp-content\/uploads\/tablet-fr.jpg 894w, https:\/\/funbridge.com\/blog\/wp-content\/uploads\/tablet-fr-300x300.jpg 300w, https:\/\/funbridge.com\/blog\/wp-content\/uploads\/tablet-fr-150x150.jpg 150w, https:\/\/funbridge.com\/blog\/wp-content\/uploads\/tablet-fr-768x768.jpg 768w\" sizes=\"auto, (max-width: 224px) 100vw, 224px\" \/><\/a><\/figure><\/div><\/div>\n\n\n\n<div class=\"wp-block-column is-vertically-aligned-center is-layout-flow wp-block-column-is-layout-flow\" style=\"flex-basis:66.66%\">\n<h2 class=\"has-text-align-left wp-block-heading\"><strong>Progressez au bridge avec Funbridge !<\/strong><\/h2>\n\n\n\n<p>L&#8217;application Funbridge vous permet de jouer au bridge seul ou avec votre partenaire,&nbsp;<strong>o\u00f9 vous voulez et quand vous voulez.&nbsp;<\/strong><\/p>\n\n\n\n<p><em>Tournois, D\u00e9fis, Donnes d&#8217;entra\u00eenement&#8230;<\/em>&nbsp;<strong>Quel que soit votre niveau<\/strong>, il y a forc\u00e9ment un mode de jeu fait pour vous.<\/p>\n\n\n\n<p>Vous pouvez m\u00eame&nbsp;<strong>gagner des Points d&#8217;Expert<\/strong>&nbsp;en jouant les tournois officiels de la&nbsp;<strong>F\u00e9d\u00e9ration Fran\u00e7aise de Bridge !<\/strong><\/p>\n\n\n\n<div class=\"wp-block-stackable-button-group aligncenter stk-block-button-group stk-block stk-1de4396\" data-block-id=\"1de4396\"><style>.stk-1de4396{align-items:center !important;display:flex !important}<\/style><div class=\"stk-row stk-inner-blocks has-text-align-center stk-block-content stk-button-group\">\n<div class=\"wp-block-stackable-button stk-block-button has-text-align-center is-style-ghost stk-block stk-daaae90\" data-block-id=\"daaae90\"><style>.stk-daaae90 .stk-button{padding-right:30px !important;padding-left:30px !important;background:transparent !important}.stk-daaae90 .stk-button:hover:after{background:transparent !important;opacity:1 !important}:where(.stk-hover-parent:hover,.stk-hover-parent.stk--is-hovered) .stk-daaae90 .stk-button:after{background:transparent !important;opacity:1 !important}.stk-daaae90 .stk-button:before{border-style:solid !important;border-color:#ff9e10 !important}.stk-daaae90 .stk-button .stk--inner-svg svg:last-child{height:18px !important;width:18px !important;margin-inline-start:0px !important}.stk-daaae90 .stk-button .stk--inner-svg svg:last-child,.stk-daaae90 .stk-button .stk--inner-svg svg:last-child :is(g,path,rect,polygon,ellipse){fill:#ff9e10 !important}.stk-daaae90 .stk-button__inner-text{font-size:18px !important;color:#ff9e10 !important}@media screen and (max-width:999px){.stk-daaae90 .stk-button__inner-text{font-size:18px !important}}<\/style><a class=\"stk-link stk-button stk--hover-effect-lift\" href=\"https:\/\/funbridge.onelink.me\/eHER\/faa64dee\" target=\"_blank\" rel=\"noreferrer noopener\"><span class=\"has-text-color stk-button__inner-text\"><strong>Jouer gratuitement<\/strong><\/span><span class=\"stk--svg-wrapper\"><div class=\"stk--inner-svg\"><svg aria-hidden=\"true\" focusable=\"false\" data-prefix=\"fas\" data-icon=\"caret-right\" class=\"svg-inline--fa fa-caret-right fa-w-6\" xmlns=\"http:\/\/www.w3.org\/2000\/svg\" viewBox=\"0 0 192 512\" width=\"32\" height=\"32\"><path fill=\"currentColor\" d=\"M0 384.662V127.338c0-17.818 21.543-26.741 34.142-14.142l128.662 128.662c7.81 7.81 7.81 20.474 0 28.284L34.142 398.804C21.543 411.404 0 402.48 0 384.662z\"><\/path><\/svg><\/div><\/span><\/a><\/div>\n<\/div><\/div>\n<\/div>\n<\/div>\n\n\n\n<div style=\"height:20px\" aria-hidden=\"true\" class=\"wp-block-spacer\"><\/div>\n\n\n\n<p class=\"has-text-align-center\"><strong>Bon mois d&#8217;avril,<\/strong><\/p>\n\n\n\n<p class=\"has-text-align-center\">L&#8217;\u00e9quipe Funbridge<\/p>\n\n\n\n<div style=\"height:20px\" aria-hidden=\"true\" class=\"wp-block-spacer\"><\/div>\n\n\n<div class=\"wp-block-image\">\n<figure class=\"aligncenter size-large is-resized\"><a href=\"https:\/\/funbridge.onelink.me\/eHER\/faa64dee\" target=\"_blank\" rel=\"noreferrer noopener\"><img loading=\"lazy\" decoding=\"async\" src=\"https:\/\/funbridge.com\/blog\/wp-content\/uploads\/funbridge-x-bridgerama-1024x224.png\" alt=\"\" class=\"wp-image-56390\" width=\"256\" height=\"56\" srcset=\"https:\/\/funbridge.com\/blog\/wp-content\/uploads\/funbridge-x-bridgerama-1024x224.png 1024w, https:\/\/funbridge.com\/blog\/wp-content\/uploads\/funbridge-x-bridgerama-300x66.png 300w, https:\/\/funbridge.com\/blog\/wp-content\/uploads\/funbridge-x-bridgerama-768x168.png 768w, https:\/\/funbridge.com\/blog\/wp-content\/uploads\/funbridge-x-bridgerama.png 1339w\" sizes=\"auto, (max-width: 256px) 100vw, 256px\" \/><\/a><\/figure><\/div>","protected":false},"excerpt":{"rendered":"<p>La r\u00e9ponse \u00e0 la question bridge du mois d&#8217;avril est&#8230; La bonne r\u00e9ponse est : non forcing. Nord n&#8217;a aucune raison d&#8217;inventer un contre d&#8217;appel dans cette s\u00e9quence, son partenaire n\u2019ayant pas essay\u00e9 de surench\u00e9rir sur 2&#x2665;&#xfe0f;. Le contre est punitif et non forcing. Progressez au bridge avec Funbridge ! L&#8217;application Funbridge vous permet de jouer au bridge seul ou avec votre partenaire,&nbsp;o\u00f9 vous voulez et quand vous voulez.&nbsp; Tournois, D\u00e9fis, Donnes d&#8217;entra\u00eenement&#8230;&nbsp;Quel que soit votre niveau, il y a forc\u00e9ment un mode de jeu fait pour vous. Vous pouvez m\u00eame&nbsp;gagner des Points d&#8217;Expert&nbsp;en jouant les tournois officiels de la&nbsp;F\u00e9d\u00e9ration\u2026<\/p>\n","protected":false},"author":11,"featured_media":0,"parent":0,"menu_order":0,"comment_status":"closed","ping_status":"closed","template":"","meta":{"_acf_changed":false,"footnotes":""},"class_list":["post-64461","page","type-page","status-publish","hentry"],"blocksy_meta":{"page_title_panel":"","has_hero_section":"disabled","a979717274aa4302935d23f7950ddf85":"","hero_section":"type-1","hero_elements":[{"id":"custom_title","enabled":true,"heading_tag":"h1","title":"Accueil"},{"id":"custom_description","enabled":true,"description_visibility":{"desktop":true,"tablet":true,"mobile":false}},{"id":"custom_meta","enabled":false,"meta_elements":[{"id":"author","enabled":true,"label":"Par","has_author_avatar":"yes","avatar_size":25},{"id":"post_date","enabled":true,"label":"Sur","date_format_source":"default","date_format":"M j, Y"},{"id":"updated_date","enabled":false,"label":"Sur","date_format_source":"default","date_format":"M j, Y"},{"id":"categories","enabled":false,"label":"Dans","style":"simple"},{"id":"comments","enabled":true}],"page_meta_elements":{"joined":true,"articles_count":true,"comments":true}},{"id":"breadcrumbs","enabled":false}],"357f958eb34e345feb6a8f6df664757c":"","hero_alignment1":"CT_CSS_SKIP_RULE","hero_margin":40,"hero_alignment2":"center","hero_vertical_alignment":"center","c0f5d886877fdbd88ebf5530d2517d40":"","hero_structure":"narrow","8135f19e9607b688e39a199cf1e1c829":"","page_title_bg_type":"featured_image","custom_hero_background":{"attachment_id":null},"page_title_image_size":"full","parallax":{"desktop":false,"tablet":false,"mobile":false},"46d576ebda85aaf3e595be1f662026f1":"","hero_height":"250px","pageTitleFont":{"family":"Default","variation":"Default","size":"30px","line-height":"CT_CSS_SKIP_RULE","letter-spacing":"CT_CSS_SKIP_RULE","text-transform":"CT_CSS_SKIP_RULE","text-decoration":"CT_CSS_SKIP_RULE"},"pageTitleFontColor":{"default":{"color":"CT_CSS_SKIP_RULEDEFAULT"}},"pageMetaFont":{"family":"Default","variation":"n6","size":"12px","line-height":"1.3","letter-spacing":"CT_CSS_SKIP_RULE","text-transform":"uppercase","text-decoration":"CT_CSS_SKIP_RULE"},"pageMetaFontColor":{"default":{"color":"CT_CSS_SKIP_RULEDEFAULT"},"hover":{"color":"CT_CSS_SKIP_RULEDEFAULT"}},"page_meta_button_type_font_colors":{"default":{"color":"CT_CSS_SKIP_RULEDEFAULT"},"hover":{"color":"CT_CSS_SKIP_RULEDEFAULT"}},"page_meta_button_type_background_colors":{"default":{"color":"CT_CSS_SKIP_RULEDEFAULT"},"hover":{"color":"CT_CSS_SKIP_RULEDEFAULT"}},"pageExcerptFont":{"family":"Default","variation":"Default","size":"CT_CSS_SKIP_RULE","line-height":"CT_CSS_SKIP_RULE","letter-spacing":"CT_CSS_SKIP_RULE","text-transform":"CT_CSS_SKIP_RULE","text-decoration":"CT_CSS_SKIP_RULE"},"pageExcerptColor":{"default":{"color":"CT_CSS_SKIP_RULEDEFAULT"}},"breadcrumbsFont":{"family":"Default","variation":"Default","size":"CT_CSS_SKIP_RULE","line-height":"CT_CSS_SKIP_RULE","letter-spacing":"CT_CSS_SKIP_RULE","text-transform":"CT_CSS_SKIP_RULE","text-decoration":"CT_CSS_SKIP_RULE"},"breadcrumbsFontColor":{"default":{"color":"CT_CSS_SKIP_RULEDEFAULT"},"initial":{"color":"CT_CSS_SKIP_RULEDEFAULT"},"hover":{"color":"CT_CSS_SKIP_RULEDEFAULT"}},"pageTitleOverlay":{"background_type":"color","background_pattern":"type-1","background_image":{"attachment_id":null,"x":0,"y":0},"gradient":"linear-gradient(135deg,rgba(6,147,227,1) 0%,rgb(155,81,224) 100%)","background_repeat":"repeat","background_size":"auto","background_attachment":"scroll","patternColor":{"default":{"color":"#e5e7ea"}},"overlayColor":{"default":{"color":"CT_CSS_SKIP_RULE"}},"backgroundColor":{"default":{"color":"CT_CSS_SKIP_RULE"}}},"pageTitleBackground":{"background_type":"color","background_pattern":"type-1","background_image":{"attachment_id":null,"x":0,"y":0},"gradient":"linear-gradient(135deg,rgba(6,147,227,1) 0%,rgb(155,81,224) 100%)","background_repeat":"repeat","background_size":"auto","background_attachment":"scroll","patternColor":{"default":{"color":"#e5e7ea"}},"overlayColor":{"default":{"color":"CT_CSS_SKIP_RULE"}},"backgroundColor":{"default":{"color":"var(--paletteColor6)"}}},"pageTitlePadding":{"top":"50px","bottom":"50px","left":"auto","right":"auto","linked":true},"36fda42df39e9b6afaba11a7185318c4":"","page_structure_type":"type-3","c93c24cbb9c280018789331da9a1e7b8":"","content_style_source":"inherit","content_style":"wide","vertical_spacing_source":"inherit","content_area_spacing":"both","background":{"background_type":"color","background_pattern":"type-1","background_image":{"attachment_id":null,"x":0,"y":0},"gradient":"linear-gradient(135deg,rgba(6,147,227,1) 0%,rgb(155,81,224) 100%)","background_repeat":"repeat","background_size":"auto","background_attachment":"scroll","patternColor":{"default":{"color":"#e5e7ea"}},"overlayColor":{"default":{"color":"CT_CSS_SKIP_RULE"}},"backgroundColor":{"default":{"color":"CT_CSS_SKIP_RULE"}}},"content_background":{"background_type":"color","background_pattern":"type-1","background_image":{"attachment_id":null,"x":0,"y":0},"gradient":"linear-gradient(135deg,rgba(6,147,227,1) 0%,rgb(155,81,224) 100%)","background_repeat":"repeat","background_size":"auto","background_attachment":"scroll","patternColor":{"default":{"color":"#e5e7ea"}},"overlayColor":{"default":{"color":"CT_CSS_SKIP_RULE"}},"backgroundColor":{"default":{"color":"var(--paletteColor8)"}}},"content_boxed_shadow":{"inherit":false,"blur":18,"spread":-6,"v_offset":12,"h_offset":0,"inset":false,"enable":true,"color":{"color":"rgba(34, 56, 101, 0.04)"}},"content_boxed_border":{"width":1,"style":"none","color":{"color":"rgba(44,62,80,0.2)"}},"content_boxed_radius":{"top":"3px","bottom":"3px","left":"3px","right":"3px","linked":true},"boxed_content_spacing":{"desktop":{"top":"40px","bottom":"40px","left":"40px","right":"40px","linked":true},"tablet":{"top":"35px","bottom":"35px","left":"35px","right":"35px","linked":true},"mobile":{"top":"20px","bottom":"20px","left":"20px","right":"20px","linked":true}},"1ec57ede73205bc6e1517230057c9b9d":"","disable_featured_image":"yes","disable_share_box":"no","disable_header":"yes","disable_footer":"yes","styles_descriptor":{"styles":{"desktop":"","tablet":"","mobile":""},"google_fonts":[],"version":5}},"acf":[],"yoast_head":"<!-- This site is optimized with the Yoast SEO plugin v26.3 - https:\/\/yoast.com\/wordpress\/plugins\/seo\/ -->\n<title>Quiz Funbridge Bridgerama+ Avril 2023 - Blog Funbridge<\/title>\n<meta name=\"robots\" content=\"index, follow, max-snippet:-1, max-image-preview:large, max-video-preview:-1\" \/>\n<link rel=\"canonical\" href=\"https:\/\/funbridge.com\/blog\/fr\/bridgerama-plus-4\/\" \/>\n<meta property=\"og:locale\" content=\"fr_FR\" \/>\n<meta property=\"og:type\" content=\"article\" \/>\n<meta property=\"og:title\" content=\"Quiz Funbridge Bridgerama+ Avril 2023 - Blog Funbridge\" \/>\n<meta property=\"og:description\" content=\"La r\u00e9ponse \u00e0 la question bridge du mois d&#8217;avril est&#8230; La bonne r\u00e9ponse est : non forcing. Nord n&#8217;a aucune raison d&#8217;inventer un contre d&#8217;appel dans cette s\u00e9quence, son partenaire n\u2019ayant pas essay\u00e9 de surench\u00e9rir sur 2&#x2665;&#xfe0f;. Le contre est punitif et non forcing. Progressez au bridge avec Funbridge ! L&#8217;application Funbridge vous permet de jouer au bridge seul ou avec votre partenaire,&nbsp;o\u00f9 vous voulez et quand vous voulez.&nbsp; Tournois, D\u00e9fis, Donnes d&#8217;entra\u00eenement&#8230;&nbsp;Quel que soit votre niveau, il y a forc\u00e9ment un mode de jeu fait pour vous. Vous pouvez m\u00eame&nbsp;gagner des Points d&#8217;Expert&nbsp;en jouant les tournois officiels de la&nbsp;F\u00e9d\u00e9ration\u2026\" \/>\n<meta property=\"og:url\" content=\"https:\/\/funbridge.com\/blog\/fr\/bridgerama-plus-4\/\" \/>\n<meta property=\"og:site_name\" content=\"Blog Funbridge\" \/>\n<meta property=\"article:publisher\" content=\"https:\/\/www.facebook.com\/Funbridge\/\" \/>\n<meta property=\"article:modified_time\" content=\"2023-04-06T13:44:23+00:00\" \/>\n<meta property=\"og:image\" content=\"https:\/\/www.funbridge.com\/blog\/wp-content\/uploads\/funbridge-le-quiz.png\" \/>\n<meta name=\"twitter:card\" content=\"summary_large_image\" \/>\n<meta name=\"twitter:site\" content=\"@funbridge\" \/>\n<meta name=\"twitter:label1\" content=\"Dur\u00e9e de lecture estim\u00e9e\" \/>\n\t<meta name=\"twitter:data1\" content=\"1 minute\" \/>\n<script type=\"application\/ld+json\" class=\"yoast-schema-graph\">{\"@context\":\"https:\/\/schema.org\",\"@graph\":[{\"@type\":\"WebPage\",\"@id\":\"https:\/\/funbridge.com\/blog\/fr\/bridgerama-plus-4\/\",\"url\":\"https:\/\/funbridge.com\/blog\/fr\/bridgerama-plus-4\/\",\"name\":\"Quiz Funbridge Bridgerama+ Avril 2023 - Blog Funbridge\",\"isPartOf\":{\"@id\":\"https:\/\/funbridge.com\/blog\/#website\"},\"primaryImageOfPage\":{\"@id\":\"https:\/\/funbridge.com\/blog\/fr\/bridgerama-plus-4\/#primaryimage\"},\"image\":{\"@id\":\"https:\/\/funbridge.com\/blog\/fr\/bridgerama-plus-4\/#primaryimage\"},\"thumbnailUrl\":\"https:\/\/funbridge.com\/blog\/wp-content\/uploads\/funbridge-le-quiz.png\",\"datePublished\":\"2023-03-24T09:14:33+00:00\",\"dateModified\":\"2023-04-06T13:44:23+00:00\",\"inLanguage\":\"fr-FR\",\"potentialAction\":[{\"@type\":\"ReadAction\",\"target\":[\"https:\/\/funbridge.com\/blog\/fr\/bridgerama-plus-4\/\"]}]},{\"@type\":\"ImageObject\",\"inLanguage\":\"fr-FR\",\"@id\":\"https:\/\/funbridge.com\/blog\/fr\/bridgerama-plus-4\/#primaryimage\",\"url\":\"https:\/\/funbridge.com\/blog\/wp-content\/uploads\/funbridge-le-quiz.png\",\"contentUrl\":\"https:\/\/funbridge.com\/blog\/wp-content\/uploads\/funbridge-le-quiz.png\",\"width\":487,\"height\":141},{\"@type\":\"WebSite\",\"@id\":\"https:\/\/funbridge.com\/blog\/#website\",\"url\":\"https:\/\/funbridge.com\/blog\/\",\"name\":\"Blog Funbridge\",\"description\":\"Toute l&#039;actualit\u00e9 du bridge et de FunBridge en un clin d&#039;\u0153il\",\"publisher\":{\"@id\":\"https:\/\/funbridge.com\/blog\/#organization\"},\"potentialAction\":[{\"@type\":\"SearchAction\",\"target\":{\"@type\":\"EntryPoint\",\"urlTemplate\":\"https:\/\/funbridge.com\/blog\/?s={search_term_string}\"},\"query-input\":{\"@type\":\"PropertyValueSpecification\",\"valueRequired\":true,\"valueName\":\"search_term_string\"}}],\"inLanguage\":\"fr-FR\"},{\"@type\":\"Organization\",\"@id\":\"https:\/\/funbridge.com\/blog\/#organization\",\"name\":\"Funbridge\",\"url\":\"https:\/\/funbridge.com\/blog\/\",\"logo\":{\"@type\":\"ImageObject\",\"inLanguage\":\"fr-FR\",\"@id\":\"https:\/\/funbridge.com\/blog\/#\/schema\/logo\/image\/\",\"url\":\"https:\/\/funbridge.com\/blog\/wp-content\/uploads\/Funbridge_Blog.png\",\"contentUrl\":\"https:\/\/funbridge.com\/blog\/wp-content\/uploads\/Funbridge_Blog.png\",\"width\":610,\"height\":148,\"caption\":\"Funbridge\"},\"image\":{\"@id\":\"https:\/\/funbridge.com\/blog\/#\/schema\/logo\/image\/\"},\"sameAs\":[\"https:\/\/www.facebook.com\/Funbridge\/\",\"https:\/\/x.com\/funbridge\"]}]}<\/script>\n<!-- \/ Yoast SEO plugin. -->","yoast_head_json":{"title":"Quiz Funbridge Bridgerama+ Avril 2023 - Blog Funbridge","robots":{"index":"index","follow":"follow","max-snippet":"max-snippet:-1","max-image-preview":"max-image-preview:large","max-video-preview":"max-video-preview:-1"},"canonical":"https:\/\/funbridge.com\/blog\/fr\/bridgerama-plus-4\/","og_locale":"fr_FR","og_type":"article","og_title":"Quiz Funbridge Bridgerama+ Avril 2023 - Blog Funbridge","og_description":"La r\u00e9ponse \u00e0 la question bridge du mois d&#8217;avril est&#8230; La bonne r\u00e9ponse est : non forcing. Nord n&#8217;a aucune raison d&#8217;inventer un contre d&#8217;appel dans cette s\u00e9quence, son partenaire n\u2019ayant pas essay\u00e9 de surench\u00e9rir sur 2&#x2665;&#xfe0f;. Le contre est punitif et non forcing. Progressez au bridge avec Funbridge ! L&#8217;application Funbridge vous permet de jouer au bridge seul ou avec votre partenaire,&nbsp;o\u00f9 vous voulez et quand vous voulez.&nbsp; Tournois, D\u00e9fis, Donnes d&#8217;entra\u00eenement&#8230;&nbsp;Quel que soit votre niveau, il y a forc\u00e9ment un mode de jeu fait pour vous. Vous pouvez m\u00eame&nbsp;gagner des Points d&#8217;Expert&nbsp;en jouant les tournois officiels de la&nbsp;F\u00e9d\u00e9ration\u2026","og_url":"https:\/\/funbridge.com\/blog\/fr\/bridgerama-plus-4\/","og_site_name":"Blog Funbridge","article_publisher":"https:\/\/www.facebook.com\/Funbridge\/","article_modified_time":"2023-04-06T13:44:23+00:00","og_image":[{"url":"https:\/\/www.funbridge.com\/blog\/wp-content\/uploads\/funbridge-le-quiz.png","type":"","width":"","height":""}],"twitter_card":"summary_large_image","twitter_site":"@funbridge","twitter_misc":{"Dur\u00e9e de lecture estim\u00e9e":"1 minute"},"schema":{"@context":"https:\/\/schema.org","@graph":[{"@type":"WebPage","@id":"https:\/\/funbridge.com\/blog\/fr\/bridgerama-plus-4\/","url":"https:\/\/funbridge.com\/blog\/fr\/bridgerama-plus-4\/","name":"Quiz Funbridge Bridgerama+ Avril 2023 - Blog Funbridge","isPartOf":{"@id":"https:\/\/funbridge.com\/blog\/#website"},"primaryImageOfPage":{"@id":"https:\/\/funbridge.com\/blog\/fr\/bridgerama-plus-4\/#primaryimage"},"image":{"@id":"https:\/\/funbridge.com\/blog\/fr\/bridgerama-plus-4\/#primaryimage"},"thumbnailUrl":"https:\/\/funbridge.com\/blog\/wp-content\/uploads\/funbridge-le-quiz.png","datePublished":"2023-03-24T09:14:33+00:00","dateModified":"2023-04-06T13:44:23+00:00","inLanguage":"fr-FR","potentialAction":[{"@type":"ReadAction","target":["https:\/\/funbridge.com\/blog\/fr\/bridgerama-plus-4\/"]}]},{"@type":"ImageObject","inLanguage":"fr-FR","@id":"https:\/\/funbridge.com\/blog\/fr\/bridgerama-plus-4\/#primaryimage","url":"https:\/\/funbridge.com\/blog\/wp-content\/uploads\/funbridge-le-quiz.png","contentUrl":"https:\/\/funbridge.com\/blog\/wp-content\/uploads\/funbridge-le-quiz.png","width":487,"height":141},{"@type":"WebSite","@id":"https:\/\/funbridge.com\/blog\/#website","url":"https:\/\/funbridge.com\/blog\/","name":"Blog Funbridge","description":"Toute l&#039;actualit\u00e9 du bridge et de FunBridge en un clin d&#039;\u0153il","publisher":{"@id":"https:\/\/funbridge.com\/blog\/#organization"},"potentialAction":[{"@type":"SearchAction","target":{"@type":"EntryPoint","urlTemplate":"https:\/\/funbridge.com\/blog\/?s={search_term_string}"},"query-input":{"@type":"PropertyValueSpecification","valueRequired":true,"valueName":"search_term_string"}}],"inLanguage":"fr-FR"},{"@type":"Organization","@id":"https:\/\/funbridge.com\/blog\/#organization","name":"Funbridge","url":"https:\/\/funbridge.com\/blog\/","logo":{"@type":"ImageObject","inLanguage":"fr-FR","@id":"https:\/\/funbridge.com\/blog\/#\/schema\/logo\/image\/","url":"https:\/\/funbridge.com\/blog\/wp-content\/uploads\/Funbridge_Blog.png","contentUrl":"https:\/\/funbridge.com\/blog\/wp-content\/uploads\/Funbridge_Blog.png","width":610,"height":148,"caption":"Funbridge"},"image":{"@id":"https:\/\/funbridge.com\/blog\/#\/schema\/logo\/image\/"},"sameAs":["https:\/\/www.facebook.com\/Funbridge\/","https:\/\/x.com\/funbridge"]}]}},"lang":"fr","translations":{"fr":64461,"en":64467},"language":"fr","pll_sync_post":[],"_links":{"self":[{"href":"https:\/\/funbridge.com\/blog\/wp-json\/wp\/v2\/pages\/64461","targetHints":{"allow":["GET"]}}],"collection":[{"href":"https:\/\/funbridge.com\/blog\/wp-json\/wp\/v2\/pages"}],"about":[{"href":"https:\/\/funbridge.com\/blog\/wp-json\/wp\/v2\/types\/page"}],"author":[{"embeddable":true,"href":"https:\/\/funbridge.com\/blog\/wp-json\/wp\/v2\/users\/11"}],"replies":[{"embeddable":true,"href":"https:\/\/funbridge.com\/blog\/wp-json\/wp\/v2\/comments?post=64461"}],"version-history":[{"count":5,"href":"https:\/\/funbridge.com\/blog\/wp-json\/wp\/v2\/pages\/64461\/revisions"}],"predecessor-version":[{"id":65280,"href":"https:\/\/funbridge.com\/blog\/wp-json\/wp\/v2\/pages\/64461\/revisions\/65280"}],"wp:attachment":[{"href":"https:\/\/funbridge.com\/blog\/wp-json\/wp\/v2\/media?parent=64461"}],"curies":[{"name":"wp","href":"https:\/\/api.w.org\/{rel}","templated":true}]}}